+ 83. Calculate m(-5).
-667
Let u(p) = -303*p + 98117. Give u(324).
-55
Let a(d) = 14504*d + 2233619. Calculate a(-154).
3
Let z(a) = 1076*a - 73108. Determine z(68).
60
Let n(t) = 366*t + 6774. What is n(-17)?
552
Let a(g) = -257*g**2 + 1295*g - 47. What is a(5)?
3
Let l(y) = 245*y**2 - 29645*y - 87. Calculate l(121).
-87
Let o(g) = -350*g + 38978. Give o(112).
-222
Let c(t) = -19*t**3 - 96*t**2 - 282*t - 7. Calculate c(-3).
488
Let s(r) = -4*r**3 + 374*r**2 - 1946*r + 45. Calculate s(88).
-835
Let l(s) = -9*s**3 + 2*s**2 - 821*s + 3266. Give l(4).
-562
Let o(z) = -z**3 - 29*z**2 + 9163*z + 265445. Determine o(-29).
-282
Let q(o) = 3*o**2 + 608*o + 29235. Calculate q(-102).
-1569
Let l(b) = 168648*b - 1855116. Determine l(11).
12
Let z(w) = -w**3 - 519*w**2 - 46530*w - 8041. Give z(-115).
9
Let n(p) = p**3 - 40*p**2 - 222*p - 86. What is n(-5)?
-101
Let i(r) = 180*r**2 + 2882*r + 40. Determine i(-16).
8
Let b(v) = 3171*v - 60196. What is b(19)?
53
Let y(u) = 1115*u - 5211. Calculate y(4).
-751
Let l(i) = 1985*i - 8106. Calculate l(4).
-166
Let a(x) = -15*x**2 - 269*x + 83. Determine a(-18).
65
Let w(d) = d**3 + 58*d**2 - 2294*d + 80. Determine w(-85).
-5
Let y(r) = -79537*r + 7555974. Calculate y(95).
-41
Let o(x) = -2*x**3 - 366*x**2 + 7706*x - 576. Determine o(19).
-6
Let x(p) = -6*p**2 - 1227*p + 440. Calculate x(-205).
-175
Let s(o) = 2*o**2 - 33*o - 2273. Determine s(38).
-639
Let b(i) = -i**3 - 73*i**2 - 476*i - 453. What is b(-6)?
-9
Let b(m) = 12*m**2 - 6391*m - 58530. Calculate b(-9).
-39
Let z(i) = -3571*i**2 - 1142723*i - 946. What is z(-320)?
14
Let z(d) = -2172*d - 39088. What is z(-18)?
8
Let a(d) = d**3 + 20*d**2 + 8*d + 325. What is a(-23)?
-1446
Let n(w) = 9*w**3 - 27*w**2 - 1681*w + 3475. Calculate n(2).
77
Let w(a) = -a**3 + 83*a**2 - 103*a + 587. Calculate w(82).
-1135
Let z(t) = t**3 + 96*t**2 + 2107*t - 55. Determine z(-62).
7
Let j(f) = 621*f + 17045. Give j(-27).
278
Let x(y) = 5*y**3 + 83*y**2 + 298*y + 5. What is x(-4)?
-179
Let g(h) = -h**3 + 382*h**2 - 1086*h - 19308. Calculate g(379).
21
Let o(d) = 210*d**2 - 20348*d - 2109. Determine o(97).
25
Let r(o) = -4*o**3 - 28*o**2 - 90*o - 1093. Give r(-9).
365
Let j(n) = 909*n - 40024. Determine j(44).
-28
Let r(a) = -1880*a + 9411. Calculate r(5).
11
Let j(z) = z**3 - z**2 + 382*z + 3962. Calculate j(-10).
-958
Let j(s) = -25*s - 1074. What is j(11)?
-1349
Let y(i) = i**3 - 42*i**2 + 1568*i - 38061. Give y(31).
-24
Let d(p) = -33*p**2 - 4899*p + 57878. Give d(11).
-4
Let y(p) = -24469*p + 24437. What is y(1)?
-32
Let x(o) = 10*o**3 - 192*o**2 - 199*o + 845. Determine x(20).
65
Let m(j) = j**3 - 754*j**2 + 30978*j + 186024. What is m(710)?
4
Let u(w) = -538*w - 18231. Give u(-34).
61
Let x(k) = -4502*k - 1373118. Calculate x(-305).
-8
Let d(v) = v**3 - 2*v**2 - 4983*v + 29804. What is d(6)?
50
Let y(o) = -2851*o + 875239. Determine y(307).
-18
Let t(u) = 2*u**2 - 1441*u + 60815. Determine t(45).
20
Let b(x) = 167*x + 6359. Give b(-35).
514
Let p(d) = 84389*d - 84388. Determine p(1).
1
Let b(h) = -32*h**2 + 496*h - 693. Give b(14).
-21
Let y(u) = -117138*u + 6676862. What is y(57)?
-4
Let s(g) = -765*g + 7541. Give s(10).
-109
Let z(u) = -970*u - 465581. Give z(-479).
-951
Let i(s) = 7*s**3 + 356*s**2 - 86*s - 767. Determine i(-51).
1018
Let h(i) = -55*i - 8688. What is h(-154)?
-218
Let p(i) = -2*i**2 + 134*i + 5297. What is p(103)?
-2119
Let k(b) = 6810*b + 164936. Give k(-24).
1496
Let c(h) = -1954*h - 119886. Calculate c(-62).
1262
Let z(g) = -g**3 + 144*g**2 - 2382*g + 180. What is z(19)?
47
Let t(w) = -2711*w + 517892. Give t(191).
91
Let z(l) = 19*l**2 - 219*l - 1175. Determine z(-5).
395
Let w(v) = v**2 - 52972*v + 16848646. Determine w(320).
6
Let s(d) = 2*d**3 + 508*d**2 + 3519*d + 424. Calculate s(-7).
-3
Let m(y) = -y**2 - 8843*y - 194055. Calculate m(-22).
7
Let q(y) = -y**3 + 893*y**2 - 87569*y + 75744. Give q(781).
-13
Let c(k) = 40*k**2 - 56*k - 167. Calculate c(3).
25
Let p(y) = -31273*y + 562926. What is p(18)?
12
Let j(u) = -2*u**3 + 3*u**2 + 78*u + 240. Give j(10).
-680
Let i(p) = -p**3 + 187*p**2 + 1745*p - 151. What is i(-9)?
20
Let t(j) = -8*j**2 + 1054*j - 28342. Give t(96).
-886
Let h(i) = 68*i**2 + 563*i - 549. What is h(1)?
82
Let q(x) = -201*x**2 + 755*x + 1262. Give q(5).
12
Let p(g) = -1380*g - 15169. Give p(-11).
11
Let y(u) = u**3 - 286*u**2 + 1627*u + 14810. What is y(280)?
-30
Let i(n) = -4*n**2 - 2031*n - 135200. Calculate i(-429).
-65
Let t(j) = -907*j**2 - 11773*j + 63. Calculate t(-13).
-171
Let h(p) = 15*p**2 - 6360*p + 155258. Give h(26).
38
Let t(u) = -4*u**3 - 269*u**2 - 191*u - 8298. What is t(-67)?
10
Let c(w) = -697*w**2 - 12543*w + 51. Determine c(-18).
-3
Let s(p) = -3671*p - 359832. Determine s(-98).
-74
Let m(y) = -6*y**3 + 28*y**2 + 1123*y + 986. Determine m(-11).
7
Let q(l) = l**2 + 187*l + 7839. What is q(-120)?
-201
Let k(t) = -401*t - 47717. Give k(-119).
2
Let m(s) = -3*s**2 - 388*s - 500. Calculate m(-126).
760
Let i(x) = 2*x**3 - 58*x**2 + 291*x - 34. Give i(23).
311
Let p(b) = 155*b + 11461. Determine p(-74).
-9
Let t(w) = w**3 + 15*w**2 - 1060*w - 15842. Determine t(-15).
58
Let g(d) = -8*d**2 - 14195*d - 56797. Give g(-4).
-145
Let p(v) = -4*v**2 - 1609*v - 1896. Determine p(-401).
109
Let g(n) = -n**3 + 38*n**2 + 5*n - 593. What is g(38)?
-403
Let m(r) = -4*r**2 + 253*r + 1565. Give m(-6).
-97
Let m(v) = -11*v**3 + 83*v**2 + 133*v - 1131. What is m(7)?
94
Let h(x) = -2*x**2 - 6277*x + 247878. Determine h(39).
33
Let z(f) = -3732*f + 168013. Give z(45).
73
Let a(q) = 9725*q**2 - 58348*q + 19. Calculate a(6).
31
Let n(g) = 11*g**3 - 361*g**2 + 1502*g + 75. Determine n(5).
-65
Let p(g) = -438*g**2 - 450266*g - 2017. What is p(-1028)?
39
Let b(r) = -3*r**2 + 10097*r - 170778. Determine b(17).
4
Let r(i) = 3*i**3 - 950*i**2 - 4814*i + 15. What is r(-5)?
-40
Let x(b) = -175*b - 13845. What is x(-79)?
-20
Let f(n) = -2*n**3 + 325*n**2 - 371*n - 18019. Give f(161).
13
Let y(s) = 139*s**2 + 10289*s + 167. Determine y(-74).
-55
Let y(f) = -4063*f + 69522. Determine y(17).
451
Let r(m) = m**2 + 1072*m - 213. Determine r(0).
-213
Let k(v) = -54996*v - 439973. Give k(-8).
-5
Let u(x) = -3*x**3 - 72*x**2 + 289*x - 28. What is u(-28)?
1288
Let h(t) = -20*t**2 - 260*t - 20. Determine h(-13).
-20
Let z(g) = -98393*g + 5116439. Give z(52).
3
Let g(a) = -49926*a - 1647554. Calculate g(-33).
4
Let y(c) = -300*c + 18998. Calculate y(64).
-202
Let w(d) = -173040*d - 519119. Determine w(-3).
1
Let q(i) = -i**2 - 2992*i + 198695. Determine q(65).
-10
Let z(d) = 20410*d + 7. Calculate z(0).
7
Let z(d) = d**2 - 18*d - 21468. Give z(156).
60
Let k(t) = 286*t - 11865. Calculate k(42).
147
Let j(t) = 15777*t + 47311. Calculate j(-3).
-20
Let s(h) = 330*h + 7059. Give s(-31).
-3171
Let t(o) = 11*o**2 + 182*o + 763. What is t(-5)?
128
Let l(m) = 3151*m + 15772. Determine l(-5).
17
Let q(x) = -2*x**3 + 272*x**2 - 3324*x + 1642. Determine q(13).
4
Let r(u) = 398*u - 11594. Determine r(29).
-52
Let g(b) = -2*b**2 + 36*b + 6603. What is g(-52)?
-677
Let u(r) = -r**3 + 54*r**2 + 33*r + 4493. Determine u(56).
69
Let j(p) = 2*p**3 + 15*p**2 - 41*p + 106. Determine j(-11).
-290
Let n(r) = -76*r**2 - 3035*r + 157. What is n(-40)?
-43
Let k(s) = -22*s**3 + 2309*s**2 + 110*s - 520. What is k(105)?
5
Let j(p) = 1302*p + 262996. Calculate j(-202).
-8
Let v(j) = -2*j**2 + 13400*j - 240542. Calculate v(18).
10
Let k(l) = 1111*l + 8904. Give k(-8).
16
Let s(t) = 73*t - 4591. Determine s(30).
-2401
Let a(i) = -26975*i - 3911375. Determine a(-145).
0
Let v(x) = -7*x**2 + 1591*x + 14871. Determine v(-9).
-15
Let c(z) = -8*z**3 + 119*z**2 + 116*z - 1647. Determine c(15).
-132
Let o(a) = a**2 + 214*a + 11260. Calculate o(-119).
-45
Let y(x) = -3820*x + 26685. Determine y(7).
-55
Let t(b) = -1627*b - 191988. Calculate t(-118).
-2
Let v(a) = 4*a**2 - 231*a + 3362. Calculate v(31).
45
Let w(t) = 686*t + 6361. What is w(-9)?
187
Let j(y) = -4274397*y - 17097595. Determine j(-4).
-7
Let u(t) = 6632*t - 1246810. Determine u(188).
6
Let t(r) = -r**3 - 450*r**2 - 8*r - 3594. Give t(-450).
6
Let m(d) = d**3 + 13*d**2 - 1292*d - 20810. Calculate m(-17).
-2
Let j(m) = m**2 + 44*m - 223. Determine j(-19).
-698
Let f(q) = 3*q**3 - 118*q**2 + 955*q + 956. Calculate f(13).